ime factors of (-20)/2*o/(-2).
5
Let h(m) = -m**3 - 2*m**2 + 14*m + 15. Let c(r) = r**2 + r - 1. Let a(n) = 4*c(n) - h(n). Let t be a(-8). Let y = -22 - t. List the prime factors of y.
3, 5
Suppose -5*m + 48462 = 4*j, 2*j - 3*m = 4104 + 20094. List the prime factors of j.
2, 3, 1009
Let j(o) = -2*o**2 - o + 11. Let w be j(3). Let c(v) = -v**2 + 1. Let t(u) = -5*u**2 - 13*u + 13. Let h(n) = -4*c(n) + t(n). What are the prime factors of h(w)?
3, 13
Suppose 96*h = 94*h. Suppose h = 10*u - 8*u + 3*s - 2439, 10 = 2*s. List the prime factors of u.
2, 3, 101
Suppose 40*t - 366135 = -37*t. List the prime factors of t.
3, 5, 317
Suppose 4*z = -4*f + 20, 3*f - 4*z + 14 = 1. Suppose k + 4*r = -f + 13, -5*k - 5*r = 0. What are the prime factors of k + 92 + 4 + 0?
2, 23
Suppose 6*n = 8*n + k - 12003, -3*k = -3*n + 18027. List the prime factors of n.
2, 19, 79
Let w = 148 - 134. Suppose d = 4*l + 176, -w*d + 9*d + 4*l = -800. List the prime factors of d.
2, 3, 13
Suppose 0 = -w - 2*i + 308 - 94, -4*w + 3*i = -878. Let z(a) = 4*a**3 - 5*a**3 + w + 4*a - 208. What are the prime factors of z(-4)?
2, 29
Suppose 3*n = 3*d + 10 + 5, 3*n - 12 = 2*d. Let p be (n - 5)*(-38 - (2 + -4)). Let t = 227 - p. List the prime factors of t.
7, 17
Let k be (2 + 1)*(-4 + (-32)/(-6)). Let c be k*(-2)/(-12) + (-1534)/6. Let w = -65 - c. What are the prime factors of w?
2, 5, 19
List the prime factors of 9/4*76140/243.
3, 5, 47
Suppose -3*z + 51 = 12. Let g = z + -24. Let x = 43 + g. What are the prime factors of x?
2
Let c(j) = -j**2 + 2*j - 6. Let z be (-5 - 9/(-2))*0. Let l be c(z). Let a = 172 + l. What are the prime factors of a?
2, 83
Let h = 7641 + -1476. What are the prime factors of h?
3, 5, 137
What are the prime factors of (-61 + 67 + 35/2)/((-1)/(-834))?
3, 47, 139
Let y = 5286 + -918. List the prime factors of y.
2, 3, 7, 13
Let k be ((-3)/(150/(-20)))/(1/5). Suppose -4*i - 1292 = -2*u, k*u = -21*i + 16*i + 1274. List the prime factors of u.
2, 3, 107
Let i be 19/((60/(-208))/(-15)). Suppose i = 4*g + 5*b, 3*g = 2*b + 2*b + 710. List the prime factors of g.
2, 11
Let p = -2593 - -5331. What are the prime factors of p?
2, 37
Suppose -q = -d + 6952, 0 = -5*d + q - 9229 + 44001. What are the prime factors of d?
5, 13, 107
Let v(a) = 17*a + 2. Let h be v(-2). Suppose -19*r - 6 = -22*r, -2*u - r = 1826. List the prime factors of h/80 - u/10.
7, 13
Let r be (-2050)/(-9) - 32/(-144). Let h = r + -222. List the prime factors of h.
2, 3
Suppose -3*a + h + 45 = -2*h, 0 = -3*a - 4*h + 45. Suppose -a = y - 4*y. Suppose -5*m - 265 = -y*n, -3*m - 209 = -6*n + 2*n. List the prime factors of n.
2, 5
Suppose -2*g = 3*p - 13, 13 = 5*g - 4*p + 5*p. Suppose 4 - 14 = -5*n. Suppose 160 = 5*u + 3*f, g*u + 0*f = -n*f + 60. What are the prime factors of u?
5, 7
Suppose 3*j - 1344 - 844 = -4*y, 5*j - 4*y = 3604. Suppose -2*x = -524 - j. What are the prime factors of x?
2, 3, 13
Let k(y) = 649*y**3 + 3*y + 2. Let a be k(-1). List the prime factors of (4 - a/4)*96/18.
2, 3, 37
Let v(o) = 37*o**2 - o. Let i(a) = -a**2 + 2*a - 2. Let c be i(2). Let j be v(c). Suppose 342 = 152*n - j*n. What are the prime factors of n?
3, 19
Let y be 3 - (-4 + -33) - 4. Suppose -5*f + 4*z = 75, -4*z - y = 4*f + 24. Let i = f + 18. List the prime factors of i.
3
Let p(x) = x**2 + 10*x + 4. Let s be p(-10). Suppose s*r - 108 = -5*o, 2*r - 84 = -2*r + o. Let d = r + 59. List the prime factors of d.
3
Let k(r) = 4*r**3 - 55*r**2 + 466*r - 66. List the prime factors of k(30).
2, 3, 149
Let u = 11117 + 49133. List the prime factors of u.
2, 5, 241
Let h(f) = -f - 24. Let p be h(-19). Let w be -2 + (15/p - -8). List the prime factors of (w - 3 - -34) + 1.
5, 7
Suppose -2*i + 0 = -16. Suppose i*p - 845 = -5*p. Suppose 60*q = p*q - 620. What are the prime factors of q?
2, 31
Let l = 32227 - 21969. What are the prime factors of l?
2, 23, 223
Let c(f) = f**3 - 24*f**2 + f + 43. Let a be c(22). Let x = 277 - a. What are the prime factors of x?
2, 5, 59
Suppose -82 = 2*u - 2*z, -5*u = -4*z + 282 - 82. Let x be (-2117)/(-9) - (-8)/u. Suppose -711 = -4*m - x. List the prime factors of m.
7, 17
Suppose -5*o = o - 1116. Suppose 0 = -m + 3*m - 5*s - o, 0 = m - 2*s - 93. Let c = 136 - m. What are the prime factors of c?
43
Let s(u) = -20*u + 85. Let n be s(4). Suppose -6*c + 3*c - 3396 = -n*r, 4*c + 8 = 0. What are the prime factors of r?
2, 3, 113
Let f(q) = q**2 - 21*q + 80. Let x be f(16). Suppose -84*v + 81*v + 471 = x. List the prime factors of v.
157
Suppose 0 = -0*g - 3*g - y - 6079, -5*g - 10131 = y. Let q = -1184 - g. What are the prime factors of q?
2, 421
What are the prime factors of 6149052/105 + (-14)/10?
157, 373
Let n(x) = -20*x + 63*x + 39*x - 4 - 5. Let m be n(2). Suppose -4*y - 47 = -j - 0*y, -3*j + 5*y = -m. What are the prime factors of j?
5, 11
Suppose 15*u = 11*u + 5*x + 22133, -4*u = x - 22127. List the prime factors of u.
2, 3, 461
Let v(z) = -68*z**3 - 118*z**2 + 12*z + 9. List the prime factors of v(-9).
3, 5, 887
Suppose 8*d - 13*d = -115. Suppose 18*r + 250 = d*r. What are the prime factors of r?
2, 5
Let l = 3271 + 18426. List the prime factors of l.
13, 1669
Let s(w) = -w + 4. Let g be s(0). Suppose -2*o + o = g*r - 230, -4*o - 3*r + 868 = 0. List the prime factors of o.
2, 107
Let r = -22741 - -44550. List the prime factors of r.
113, 193
Let r be 5/3*-9 - (3 - 1). What are the prime factors of ((-158)/3)/(((-153)/(-54))/r)?
2, 79
Let w(x) = 3*x + 87. Let l be w(-11). Suppose 5*g + 5*f = 90, -17 = -2*g + 5*f + l. List the prime factors of g.
23
Let h(k) be the first derivative of -113*k**3 - 5*k**2/2 + 18. Let m be h(1). Let r = m - -519. List the prime factors of r.
5, 7
Suppose 36600 = 2*l - q, 5*l - 39*q = -42*q + 91511. What are the prime factors of l?
18301
Suppose 71*v - 150 = 66*v. Suppose -16096 = -v*t - 4696. List the prime factors of t.
2, 5, 19
Suppose -106*w + 111*w = 455. Suppose 55 = 2*t - w. What are the prime factors of t?
73
Let b = 9564 - 8231. List the prime factors of b.
31, 43
Let c = -318 + 322. Suppose 5*i = c*m - 1448, 9*m + i - 1448 = 5*m. What are the prime factors of m?
2, 181
What are the prime factors of (-1*(-13744)/56)/((-3)/(-84))?
2, 859
Let m = 12 + -9. Suppose 2*j - 448 - 303 = -m*o, -4*j = -4*o - 1512. List the prime factors of j.
13, 29
Let b be (105/(-30))/(1/2). Let t(a) = -2*a**2 - 12*a + 14. Let w be t(b). Suppose w*j - 54 = -3*j. List the prime factors of j.
2, 3
Let v(h) = 3*h**3 - 24*h**2 - 253*h - 149. What are the prime factors of v(26)?
11, 2707
Let w(q) = q**2 + 2*q - 24. Let x be w(4). Suppose 0*z + 12*z - 972 = x. What are the prime factors of z?
3
Suppose 0 = 100*x - 106*x + 60. What are the prime factors of 461 - (x - (-20)/(-4))?
2, 3, 19
Let j(p) = 6*p**2 - 30*p + 1. Suppose -33 = 4*l - g, g - 3 = 2*g. What are the prime factors of j(l)?
757
Let w = 8527 + -2403. List the prime factors of w.
2, 1531
Let a = -15256 - -35076. What are the prime factors of a?
2, 5, 991
Let t(l) = -1122*l - 2922. What are the prime factors of t(-5)?
2, 3, 7
Let a(y) = 11864*y + 3962. List the prime factors of a(4).
2, 47, 547
Suppose 2*a - 17342 = 33*f - 35*f, 5*f - 4*a = 43391. What are the prime factors of f?
5, 347
Let v(a) = a**2 - 6*a + 3. Let j be v(6). Suppose u + j = 0, i - 5*u - 176 = 82. What are the prime factors of (2 - (-12)/(-5))*(-2 - i)?
2, 7
Let a(p) = -p + 8. Let v be a(-7). Let y be (-155)/(-3) - 10/v. Let b = 3 + y. What are the prime factors of b?
2, 3
Let l = 231 + -220. Suppose v = -4*p + 491, -347 = 8*p - l*p - 5*v. List the prime factors of p.
2, 31
Let h(t) be the second derivative of 32*t**3/3 + 37*t**2/2 - 132*t - 2. List the prime factors of h(12).
5, 7, 23
Let f(j) = -2*j**3 + j**2 - 2. Let g be f(2). Let o(y) be the second derivative of y**4/12 + 3*y**3/2 + y**2/2 + 19*y - 6. List the prime factors of o(g).
71
Suppose -335*o + 345*o = 17850. Suppose 24*s - o = 14319. What are the prime factors of s?
11, 61
Let n be 4*-1 - (-17 - -10). Let s be 0 + 8 + -2 + n. Suppose -4*d + s + 15 = 0. What are the prime factors of d?
2, 3
Let i(t) = 4*t**2 + 9*t - 45. Let g(j) = 5*j - 42. Let b be g(7). List the prime factors of i(b).
2, 11
Suppose -5*w = -2*v + 18916, 26*v - 21*v = -4*w + 47257. Suppose -v = 16*o - 26093. What are the prime factors 